 what is -3d8 - -37?
-3a1
In base 3, what is -12 - -20100121201?
20100121112
In base 16, what is -3 + -4215?
-4218
In base 10, what is -19068 + 0?
-19068
In base 9, what is -15866 - -4?
-15862
In base 12, what is 130a + -8?
1302
In base 11, what is -47a5a26 - 5?
-47a5a30
In base 7, what is -260115 - -16?
-260066
In base 14, what is -333 - 36?
-369
In base 11, what is -8 + -2098?
-20a5
In base 8, what is 10112403 + -5?
10112376
In base 12, what is 364 + 119?
481
In base 8, what is 5 + -37434?
-37427
In base 2, what is -111101111000011 - 10000?
-111101111010011
In base 6, what is -43355 + -1133?
-44532
In base 5, what is -10 + -12330?
-12340
In base 13, what is -5c5 - 1b5?
-7aa
In base 10, what is 4 - 5794?
-5790
In base 4, what is 1100213 + 133?
1101012
In base 16, what is -b371 - -5?
-b36c
In base 10, what is -2477 - 51?
-2528
In base 2, what is -11101001001001110 + 0?
-11101001001001110
In base 3, what is 102211 + 20120220?
21000201
In base 13, what is -20b38 - 5?
-20b40
In base 7, what is 631023 - -13?
631036
In base 6, what is -10 - -403202?
403152
In base 6, what is 2 - -15135?
15141
In base 7, what is 400 - -4533?
5233
In base 2, what is 101 + -10100001110110?
-10100001110001
In base 5, what is -434233 + -43?
-434331
In base 14, what is 1dd0 - -4?
1dd4
In base 6, what is 5 + -434134?
-434125
In base 14, what is 36 + 1165?
119b
In base 2, what is -1010111101110101 - 1010101?
-1010111111001010
In base 10, what is -16563 + -138?
-16701
In base 6, what is -132210 + 1?
-132205
In base 10, what is -1 + 886382?
886381
In base 13, what is b93a + 4?
b941
In base 12, what is -10919 + 0?
-10919
In base 6, what is 3211 - 31?
3140
In base 9, what is -1706235 + 0?
-1706235
In base 15, what is 73a - 2a?
710
In base 7, what is -646 + -3336?
-4315
In base 8, what is -362 - -1765?
1403
In base 12, what is 16 + -243?
-229
In base 3, what is 12 - 20222211122?
-20222211110
In base 4, what is -12 + -2220212?
-2220230
In base 13, what is -3 - -1119b2?
1119ac
In base 7, what is -10 - -22310?
22300
In base 14, what is 255 + -1476?
-1221
In base 10, what is 4836 + -794?
4042
In base 12, what is 1 + -b722?
-b721
In base 5, what is -4330 + -240?
-10120
In base 6, what is -1003314 - -11?
-1003303
In base 11, what is 125a - 29?
1231
In base 14, what is -25 + -15a78?
-15a9d
In base 6, what is -1503 - -1304?
-155
In base 8, what is -25 - 223557?
-223604
In base 11, what is 43a2 + -233?
416a
In base 16, what is -2 - 147b?
-147d
In base 15, what is eca + -5aa?
920
In base 11, what is 29095 - 4?
29091
In base 3, what is -2021000011200 - 11?
-2021000011211
In base 14, what is -cc0 - -5?
-cb9
In base 5, what is 4 + -120343?
-120334
In base 9, what is -16 + -16664?
-16681
In base 12, what is 9a - -134?
212
In base 5, what is 121140 + -1?
121134
In base 4, what is -10 + 132111311?
132111301
In base 3, what is -10022200 - 20110?
-10120010
In base 6, what is -150305 - -10?
-150255
In base 13, what is a0b7a + 2?
a0b7c
In base 15, what is 18 + -4866?
-484d
In base 11, what is 10 + 2890?
28a0
In base 11, what is 13a78a - -4?
13a793
In base 10, what is 16180 - 7?
16173
In base 2, what is -1001 + -10101000101001?
-10101000110010
In base 15, what is 4361b - 5?
43616
In base 8, what is 4170671 - 1?
4170670
In base 8, what is -3 - -2522326?
2522323
In base 8, what is -1310 - -1136?
-152
In base 7, what is 52 + -510?
-425
In base 12, what is -8b46 + -1?
-8b47
In base 9, what is 1 + -124014?
-124013
In base 15, what is -4 + 1d71?
1d6c
In base 13, what is ab - -9?
b7
In base 5, what is -2 - -202024?
202022
In base 15, what is -5c92 + 0?
-5c92
In base 8, what is -12074 + -311?
-12405
In base 5, what is 1332 - -420?
2302
In base 11, what is 83584 - 4?
83580
In base 12, what is 33 - 521?
-4aa
In base 16, what is -4860c + 3?
-48609
In base 12, what is -47823a - 4?
-478242
In base 8, what is 11 + -5006?
-4775
In base 5, what is 13423 - 302?
13121
In base 11, what is -6 - 6913?
-6919
In base 3, what is -12 + 10001212101?
10001212012
In base 5, what is -1201202 + 4?
-1201143
In base 16, what is 3e0 + 84?
464
In base 11, what is -452 - 3a53?
-43a5
In base 4, what is -103100001300 + 1?
-103100001233
In base 13, what is 228 + 8a7?
b02
In base 15, what is e7 + -52e?
-437
In base 2, what is -1 + -110110111110001101?
-110110111110001110
In base 10, what is -5 - 6163?
-6168
In base 11, what is 316 + 19?
334
In base 8, what is -5611 - 24?
-5635
In base 9, what is 235 + -10740?
-10504
In base 11, what is -4935 - 2?
-4937
In base 15, what is 36e5 - 2e?
36b6
In base 11, what is -3 + -1a65a0?
-1a65a3
In base 16, what is 29 - 22f?
-206
In base 14, what is 5 - 35c?
-357
In base 16, what is 2 - -35689?
3568b
In base 6, what is 5220155 - -10?
5220205
In base 16, what is -1 + -5635?
-5636
In base 13, what is 138b + 19?
13a7
In base 7, what is 54 + -5031?
-4644
In base 11, what is -27 - -46a3?
4677
In base 13, what is -6 + 26b39?
26b33
In base 2, what is 1000000111 - -1000001100?
10000010011
In base 2, what is -111011 - 101011101?
-110011000
In base 7, what is 3 + -356164?
-356161
In base 3, what is -21 - -11100012100?
11100012002
In base 2, what is -100111110000011 - -110110?
-100111101001101
In base 9, what is -251237 + 5?
-251232
In base 5, what is -320 - 4144?
-10014
In base 2, what is -10110011 + -1101011?
-100011110
In base 6, what is -10244 - 543?
-11231
In base 6, what is 10150 - -11?
10201
In base 9, what is 2 - -135625?
135627
In base 4, what is -2111023031 - 11?
-2111023102
In base 3, what is -12 - 20120020210?
-20120020222
In base 9, what is 5577 - 1?
5576
In base 2, what is 11 + -1001001000100101?
-1001001000100010
In base 9, what is 84816 - -2?
84818
In base 16, what is a599 + 3?
a59c
In base 5, what is 421 - -241230?
242201
In base 9, what is 201 - -2274?
2475
In base 3, what is -211 - -112211112?
112210201
In base 12, what is -575 - 7?
-580
In base 5, what is 1 - -402101?
402102
In base 10, what is 417 - -55?
472
In base 2, what is 10000 - 1010000111101?
-1010000101101
In base 8, what is -52105 - 4?
-52111
In base 4, what is 1 + -3310032?
-3310031
In base 6, what is -125 - -312?
143
In base 5, what is 214 - -300411?
301130
In base 2, what is -1101101101 - -100000000?
-1001101101
In base 11, what is 2 - -a34507?
a34509
In base 4, what is -1 - 2321000113?
-2321000120
In base 10, what is -3 - -42862?
42859
In base 7, what is 20416 + -330?
20056
In base 11, what is 2 + 9a03?
9a05
In base 6, what is -3331 + -2112?
-5443
In base 13, what is -c15 + -11?
-c26
In base 3, what is 12212201 - -111112?
20101020
In base 9, what is -4 + 113225?
113221
In base 8, what is 0 + -1220732?
-1220732
In base 6, what is 23 - 112320?
-112253
In base 3, what is -110111211 + 20?
-110111121
In base 13, what is 1 - -4146?
4147
In base 2, what is -10001111111011110011 + -100?
-10001111111011110111
In base 13, what is a6 - 1c3?
-11a
In base 2, what is -1110111000000 + -11110?
-1110111011110
In base 3, what is 11222 - 202220002?
-202201010
In base 15, what is c639 - -8?
c642
In base 14, what is a89 + 34?
abd
In base 2, what is -10110000011011 - -100010110?
-10101100000101
In base 13, what is -2 - -39783?
39781
In base 9, what is -178284 - 0?
-178284
In base 2, what is 1 - -100110010010011011111?
100110010010011100000
In base 13, what is -12 + -a4a2?
-a4b4
In base 11, what is 67 + 17a03?
17a6a
In base 6, what is -5 + -335524?
-335533
In base 4, what is 10 - 321001220?
-321001210
In base 10, what is 5 - 4297?
-4292
In base 11, what is -160 + -13?
-173
In base 3, what is -2 + 2211000222?
2211000220
In base 3, what is 1120002122 + -1?
1120002121
In base 15, what is -1217d + -2?
-12180
In base 10, what is 11078 + -49?
11029
In base 4, what is 0 + -1011122101?
-1011122101
In base 14, what is 6 + 552?
558
In base 6, what is 101 + 142550?
143051
In base 9, what is -62 - 21026?
-21088
In base 7, what is 3063 + -2?
3061
In base 4, what is 12 - -10311233?
10311311
In base 7, what is -665 - 60?
-1055
In base 16, what is 67 - 73b?
-6d4
In base 9, what is -4606 - -22?
-4574
In base 3, what is -10 + 211011112?
211011102
In base 10, what is -22 + 2611?
2589
In base 15, what is -4 + -2b9e?
-2ba3
In base 6, what is 3 - 145010?
-145003
In base 4, what is 11102 - -1111321?
1123023
In base 5, what is 102101102 + 4?
102101111
In base 3, what is 1